{"id":2,"date":"2023-11-29T11:39:34","date_gmt":"2023-11-29T11:39:34","guid":{"rendered":"https:\/\/ash-nachlese-bochum.de\/?page_id=2"},"modified":"2024-01-16T08:07:30","modified_gmt":"2024-01-16T08:07:30","slug":"sample-page","status":"publish","type":"page","link":"https:\/\/ash-nachlese-bochum.de\/","title":{"rendered":"ASH NACHLESE 2024"},"content":{"rendered":"\n<figure class=\"wp-block-image aligncenter size-full is-resized\"><img loading=\"lazy\" decoding=\"async\" width=\"497\" height=\"88\" src=\"https:\/\/ash-nachlese-bochum.de\/wp-content\/uploads\/2023\/12\/oz_augusta_kombo.png\" alt=\"\" class=\"wp-image-38\" style=\"width:504px;height:auto\" srcset=\"https:\/\/ash-nachlese-bochum.de\/wp-content\/uploads\/2023\/12\/oz_augusta_kombo.png 497w, https:\/\/ash-nachlese-bochum.de\/wp-content\/uploads\/2023\/12\/oz_augusta_kombo-300x53.png 300w\" sizes=\"auto, (max-width: 497px) 100vw, 497px\" \/><\/figure>\n\n\n\n<figure class=\"wp-block-image alignwide size-large\"><img loading=\"lazy\" decoding=\"async\" width=\"1024\" height=\"414\" src=\"https:\/\/ash-nachlese-bochum.de\/wp-content\/uploads\/2023\/12\/V1_Header-Webseite-ASH-2023-1024x414.jpg\" alt=\"\" class=\"wp-image-16\" srcset=\"https:\/\/ash-nachlese-bochum.de\/wp-content\/uploads\/2023\/12\/V1_Header-Webseite-ASH-2023-1024x414.jpg 1024w, https:\/\/ash-nachlese-bochum.de\/wp-content\/uploads\/2023\/12\/V1_Header-Webseite-ASH-2023-300x121.jpg 300w, https:\/\/ash-nachlese-bochum.de\/wp-content\/uploads\/2023\/12\/V1_Header-Webseite-ASH-2023-768x310.jpg 768w, https:\/\/ash-nachlese-bochum.de\/wp-content\/uploads\/2023\/12\/V1_Header-Webseite-ASH-2023-1536x621.jpg 1536w, https:\/\/ash-nachlese-bochum.de\/wp-content\/uploads\/2023\/12\/V1_Header-Webseite-ASH-2023.jpg 1980w\" sizes=\"auto, (max-width: 1024px) 100vw, 1024px\" \/><\/figure>\n\n\n\n<hr class=\"wp-block-separator has-alpha-channel-opacity\"\/>\n\n\n\n<p>Sehr geehrte Kolleginnen und Kollegen,<\/p>\n\n\n\n<p><br>zu unserer zwanzigsten Fortbildungsveranstaltung \u201eASH-Nachlese 2024\u201c laden wir Sie sehr herzlich im Namen des onkologischen Zentrums Bochum Herne ein.<br><br>Ziel der Veranstaltung ist es, die f\u00fcr unsere h\u00e4matologisch-onkologische T\u00e4tigkeit wichtigen Ergebnisse und Neuerungen, die auf dem weltgr\u00f6\u00dften Fachkongress der amerikanischen Gesellschaft f\u00fcr H\u00e4matologie vorgestellt wurden, in Form von Kurzbeitr\u00e4gen mit anschlie\u00dfender Gelegenheit zur Diskussion vorzustellen.<br>Erneut konnten wir hierf\u00fcr Kolleginnen und Kollegen aus unserer Region gewinnen und freuen uns auf unseren erlesenen Referentenkreis. Wir haben uns in dieser Veranstaltung auf die h\u00e4matologischen Schwerpunktthemen beschr\u00e4nkt.<br><br>Auf Ihre Teilnahme und eine rege Diskussion freuen wir uns sehr.<br><br>Mit kollegialen Gr\u00fc\u00dfen<br>Prof. Dr. med. Dirk Behringer<br>Augusta Kliniken Bochum I Hattingen<\/p>\n\n\n\n<hr class=\"wp-block-separator has-alpha-channel-opacity\"\/>\n\n\n\n<h2 class=\"wp-block-heading\">PROGRAMM<\/h2>\n\n\n\n<figure class=\"wp-block-image size-full\"><img loading=\"lazy\" decoding=\"async\" width=\"519\" height=\"840\" src=\"https:\/\/ash-nachlese-bochum.de\/wp-content\/uploads\/2023\/12\/programm.png\" alt=\"\" class=\"wp-image-25\" srcset=\"https:\/\/ash-nachlese-bochum.de\/wp-content\/uploads\/2023\/12\/programm.png 519w, https:\/\/ash-nachlese-bochum.de\/wp-content\/uploads\/2023\/12\/programm-185x300.png 185w\" sizes=\"auto, (max-width: 519px) 100vw, 519px\" \/><\/figure>\n\n\n\n<hr class=\"wp-block-separator has-alpha-channel-opacity\"\/>\n\n\n\n<h2 class=\"wp-block-heading\">REFERENT:INNEN<\/h2>\n\n\n\n<p><strong>Prof. Dr. med. C. Buske<\/strong><br>Institut f\u00fcr experimentelle Tumorforschung<br>Universit\u00e4tsklinikum Ulm<br><br><strong>Prof. Dr. med. U. Germing<\/strong><br>Klinik f\u00fcr H\u00e4matologie, Onkologie und Klinische Immunologie<br>Universit\u00e4t D\u00fcsseldorf<br><br><strong>Prof. Dr. med. M. Grie\u00dfhammer<\/strong><br>Klinik f\u00fcr H\u00e4matologie, Onkologie und Palliativmedizin<br>Johannes Wesling Klinikum Minden<br><br><strong>Prof. Dr. med. H. N\u00fcckel<\/strong><br>Gemeinschaftspraxis f\u00fcr H\u00e4matologie, Onkologie,<br>H\u00e4mostaseologie und Palliativmedizin Bochum<br><br><strong>Prof. Dr. med. H.C. Reinhardt<\/strong><br>Klinik f\u00fcr H\u00e4matologie und Stammzelltransplantation<br>Universit\u00e4tsklinikum Essen<\/p>\n\n\n\n<hr class=\"wp-block-separator has-alpha-channel-opacity\"\/>\n\n\n\n<h2 class=\"wp-block-heading\">MODERATOR:INNEN<\/h2>\n\n\n\n<p>Prof. Dr. med. D. Behringer<br>Stefan Lukic<br>Dr. Annette Nolte<br>Robert Radkowski,<br>Tanja Woiwod<br>Dr. Anna Zdebik<br><br>Klinik f\u00fcr H\u00e4matologie, Onkologie und Palliativmedizin<br>Augusta Kliniken Bochum I Hattingen<\/p>\n\n\n\n<hr class=\"wp-block-separator has-alpha-channel-opacity\"\/>\n\n\n\n<h2 class=\"wp-block-heading\">ANMELDUNG<\/h2>\n\n\n\n<p>Eine schriftliche Anmeldung unterst\u00fctzt uns sehr in der<br>Organisation. <br><br>Die Anmeldung kann formlos per E-Mail erfolgen an:<br><br><a href=\"mailto:anmeldung@ash-nachlese-bochum.de\" target=\"_blank\" rel=\"noreferrer noopener\">anmeldung@ash-nachlese-bochum.de<\/a><\/p>\n\n\n\n<hr class=\"wp-block-separator has-alpha-channel-opacity\"\/>\n\n\n\n<h2 class=\"wp-block-heading\">SPONSOREN<\/h2>\n\n\n\n<p>Wir bedanken uns f\u00fcr die Unterst\u00fctzung bei folgenden Firmen.<br><br><\/p>\n\n\n\n<figure class=\"wp-block-table aligncenter is-style-regular\"><table><tbody><tr><td><img loading=\"lazy\" decoding=\"async\" width=\"200\" height=\"75\" class=\"wp-image-48\" style=\"width: 200px;\" src=\"https:\/\/ash-nachlese-bochum.de\/wp-content\/uploads\/2023\/12\/02852_MSD_Logo_Horizontal_TealGrey_PMS.png\" alt=\"\" srcset=\"https:\/\/ash-nachlese-bochum.de\/wp-content\/uploads\/2023\/12\/02852_MSD_Logo_Horizontal_TealGrey_PMS.png 600w, https:\/\/ash-nachlese-bochum.de\/wp-content\/uploads\/2023\/12\/02852_MSD_Logo_Horizontal_TealGrey_PMS-300x112.png 300w\" sizes=\"auto, (max-width: 200px) 100vw, 200px\" \/><\/td><td><img loading=\"lazy\" decoding=\"async\" width=\"200\" height=\"35\" class=\"wp-image-49\" style=\"width: 200px;\" src=\"https:\/\/ash-nachlese-bochum.de\/wp-content\/uploads\/2023\/12\/AbbVieLogo_AbbVie-dark-blue-002.jpg\" alt=\"\" srcset=\"https:\/\/ash-nachlese-bochum.de\/wp-content\/uploads\/2023\/12\/AbbVieLogo_AbbVie-dark-blue-002.jpg 684w, https:\/\/ash-nachlese-bochum.de\/wp-content\/uploads\/2023\/12\/AbbVieLogo_AbbVie-dark-blue-002-300x53.jpg 300w\" sizes=\"auto, (max-width: 200px) 100vw, 200px\" \/><\/td><\/tr><tr><td><img loading=\"lazy\" decoding=\"async\" width=\"200\" height=\"74\" class=\"wp-image-50\" style=\"width: 200px;\" src=\"https:\/\/ash-nachlese-bochum.de\/wp-content\/uploads\/2023\/12\/Alexion_Logo-002.png\" alt=\"\" srcset=\"https:\/\/ash-nachlese-bochum.de\/wp-content\/uploads\/2023\/12\/Alexion_Logo-002.png 1049w, https:\/\/ash-nachlese-bochum.de\/wp-content\/uploads\/2023\/12\/Alexion_Logo-002-300x111.png 300w, https:\/\/ash-nachlese-bochum.de\/wp-content\/uploads\/2023\/12\/Alexion_Logo-002-1024x378.png 1024w, https:\/\/ash-nachlese-bochum.de\/wp-content\/uploads\/2023\/12\/Alexion_Logo-002-768x283.png 768w\" sizes=\"auto, (max-width: 200px) 100vw, 200px\" \/><\/td><td><img loading=\"lazy\" decoding=\"async\" width=\"200\" height=\"73\" class=\"wp-image-51\" style=\"width: 200px;\" src=\"https:\/\/ash-nachlese-bochum.de\/wp-content\/uploads\/2023\/12\/Amgen-Onkologie_2.jpg\" alt=\"\" srcset=\"https:\/\/ash-nachlese-bochum.de\/wp-content\/uploads\/2023\/12\/Amgen-Onkologie_2.jpg 512w, https:\/\/ash-nachlese-bochum.de\/wp-content\/uploads\/2023\/12\/Amgen-Onkologie_2-300x110.jpg 300w\" sizes=\"auto, (max-width: 200px) 100vw, 200px\" \/><\/td><\/tr><tr><td><img loading=\"lazy\" decoding=\"async\" width=\"200\" height=\"66\" class=\"wp-image-78\" style=\"width: 200px;\" src=\"https:\/\/ash-nachlese-bochum.de\/wp-content\/uploads\/2024\/01\/th.jpeg\" alt=\"\" srcset=\"https:\/\/ash-nachlese-bochum.de\/wp-content\/uploads\/2024\/01\/th.jpeg 474w, https:\/\/ash-nachlese-bochum.de\/wp-content\/uploads\/2024\/01\/th-300x99.jpeg 300w\" sizes=\"auto, (max-width: 200px) 100vw, 200px\" \/><\/td><td><\/td><\/tr><tr><td><img loading=\"lazy\" decoding=\"async\" width=\"200\" height=\"38\" class=\"wp-image-52\" style=\"width: 200px;\" src=\"https:\/\/ash-nachlese-bochum.de\/wp-content\/uploads\/2023\/12\/BGNE-LOGO-HORTZ-COLOR-BREDMID-CMYK-002.jpg\" alt=\"\" srcset=\"https:\/\/ash-nachlese-bochum.de\/wp-content\/uploads\/2023\/12\/BGNE-LOGO-HORTZ-COLOR-BREDMID-CMYK-002.jpg 1650w, https:\/\/ash-nachlese-bochum.de\/wp-content\/uploads\/2023\/12\/BGNE-LOGO-HORTZ-COLOR-BREDMID-CMYK-002-300x56.jpg 300w, https:\/\/ash-nachlese-bochum.de\/wp-content\/uploads\/2023\/12\/BGNE-LOGO-HORTZ-COLOR-BREDMID-CMYK-002-1024x192.jpg 1024w, https:\/\/ash-nachlese-bochum.de\/wp-content\/uploads\/2023\/12\/BGNE-LOGO-HORTZ-COLOR-BREDMID-CMYK-002-768x144.jpg 768w, https:\/\/ash-nachlese-bochum.de\/wp-content\/uploads\/2023\/12\/BGNE-LOGO-HORTZ-COLOR-BREDMID-CMYK-002-1536x289.jpg 1536w\" sizes=\"auto, (max-width: 200px) 100vw, 200px\" \/><\/td><td><img loading=\"lazy\" decoding=\"async\" width=\"200\" height=\"28\" class=\"wp-image-53\" style=\"width: 200px;\" src=\"https:\/\/ash-nachlese-bochum.de\/wp-content\/uploads\/2023\/12\/BMS_Logo_Hz_4C.png\" alt=\"\" srcset=\"https:\/\/ash-nachlese-bochum.de\/wp-content\/uploads\/2023\/12\/BMS_Logo_Hz_4C.png 800w, https:\/\/ash-nachlese-bochum.de\/wp-content\/uploads\/2023\/12\/BMS_Logo_Hz_4C-300x42.png 300w, https:\/\/ash-nachlese-bochum.de\/wp-content\/uploads\/2023\/12\/BMS_Logo_Hz_4C-768x108.png 768w\" sizes=\"auto, (max-width: 200px) 100vw, 200px\" \/><\/td><\/tr><tr><td><img loading=\"lazy\" decoding=\"async\" width=\"200\" height=\"60\" class=\"wp-image-54\" style=\"width: 200px;\" src=\"https:\/\/ash-nachlese-bochum.de\/wp-content\/uploads\/2023\/12\/Gilead_NEW-KITE-COLOR-LOGO.jpg\" alt=\"\" srcset=\"https:\/\/ash-nachlese-bochum.de\/wp-content\/uploads\/2023\/12\/Gilead_NEW-KITE-COLOR-LOGO.jpg 1595w, https:\/\/ash-nachlese-bochum.de\/wp-content\/uploads\/2023\/12\/Gilead_NEW-KITE-COLOR-LOGO-300x90.jpg 300w, https:\/\/ash-nachlese-bochum.de\/wp-content\/uploads\/2023\/12\/Gilead_NEW-KITE-COLOR-LOGO-1024x308.jpg 1024w, https:\/\/ash-nachlese-bochum.de\/wp-content\/uploads\/2023\/12\/Gilead_NEW-KITE-COLOR-LOGO-768x231.jpg 768w, https:\/\/ash-nachlese-bochum.de\/wp-content\/uploads\/2023\/12\/Gilead_NEW-KITE-COLOR-LOGO-1536x462.jpg 1536w\" sizes=\"auto, (max-width: 200px) 100vw, 200px\" \/><\/td><td><img loading=\"lazy\" decoding=\"async\" width=\"200\" height=\"69\" class=\"wp-image-55\" style=\"width: 200px;\" src=\"https:\/\/ash-nachlese-bochum.de\/wp-content\/uploads\/2023\/12\/Grifols-Logo-002.jpg\" alt=\"\" srcset=\"https:\/\/ash-nachlese-bochum.de\/wp-content\/uploads\/2023\/12\/Grifols-Logo-002.jpg 1186w, https:\/\/ash-nachlese-bochum.de\/wp-content\/uploads\/2023\/12\/Grifols-Logo-002-300x104.jpg 300w, https:\/\/ash-nachlese-bochum.de\/wp-content\/uploads\/2023\/12\/Grifols-Logo-002-1024x355.jpg 1024w, https:\/\/ash-nachlese-bochum.de\/wp-content\/uploads\/2023\/12\/Grifols-Logo-002-768x266.jpg 768w\" sizes=\"auto, (max-width: 200px) 100vw, 200px\" \/><\/td><\/tr><tr><td><img loading=\"lazy\" decoding=\"async\" width=\"200\" height=\"141\" class=\"wp-image-56\" style=\"width: 200px;\" src=\"https:\/\/ash-nachlese-bochum.de\/wp-content\/uploads\/2023\/12\/GSK.png\" alt=\"\" srcset=\"https:\/\/ash-nachlese-bochum.de\/wp-content\/uploads\/2023\/12\/GSK.png 3507w, https:\/\/ash-nachlese-bochum.de\/wp-content\/uploads\/2023\/12\/GSK-300x212.png 300w, https:\/\/ash-nachlese-bochum.de\/wp-content\/uploads\/2023\/12\/GSK-1024x724.png 1024w, https:\/\/ash-nachlese-bochum.de\/wp-content\/uploads\/2023\/12\/GSK-768x543.png 768w, https:\/\/ash-nachlese-bochum.de\/wp-content\/uploads\/2023\/12\/GSK-1536x1086.png 1536w, https:\/\/ash-nachlese-bochum.de\/wp-content\/uploads\/2023\/12\/GSK-2048x1448.png 2048w\" sizes=\"auto, (max-width: 200px) 100vw, 200px\" \/><\/td><td><img loading=\"lazy\" decoding=\"async\" width=\"200\" height=\"200\" class=\"wp-image-57\" style=\"width: 200px;\" src=\"https:\/\/ash-nachlese-bochum.de\/wp-content\/uploads\/2023\/12\/Incyte-Logo-weiss.bmp\" alt=\"\" srcset=\"https:\/\/ash-nachlese-bochum.de\/wp-content\/uploads\/2023\/12\/Incyte-Logo-weiss.bmp 455w, https:\/\/ash-nachlese-bochum.de\/wp-content\/uploads\/2023\/12\/Incyte-Logo-weiss-300x300.jpg 300w, https:\/\/ash-nachlese-bochum.de\/wp-content\/uploads\/2023\/12\/Incyte-Logo-weiss-150x150.jpg 150w\" sizes=\"auto, (max-width: 200px) 100vw, 200px\" \/><\/td><\/tr><tr><td><img loading=\"lazy\" decoding=\"async\" width=\"200\" height=\"113\" class=\"wp-image-58\" style=\"width: 200px;\" src=\"https:\/\/ash-nachlese-bochum.de\/wp-content\/uploads\/2023\/12\/Janssen_rgb.png\" alt=\"\" srcset=\"https:\/\/ash-nachlese-bochum.de\/wp-content\/uploads\/2023\/12\/Janssen_rgb.png 600w, https:\/\/ash-nachlese-bochum.de\/wp-content\/uploads\/2023\/12\/Janssen_rgb-300x170.png 300w\" sizes=\"auto, (max-width: 200px) 100vw, 200px\" \/><\/td><td><img loading=\"lazy\" decoding=\"async\" width=\"200\" height=\"141\" class=\"wp-image-59\" style=\"width: 200px;\" src=\"https:\/\/ash-nachlese-bochum.de\/wp-content\/uploads\/2023\/12\/LillyLogo_RGB_Red.jpg\" alt=\"\" srcset=\"https:\/\/ash-nachlese-bochum.de\/wp-content\/uploads\/2023\/12\/LillyLogo_RGB_Red.jpg 1391w, https:\/\/ash-nachlese-bochum.de\/wp-content\/uploads\/2023\/12\/LillyLogo_RGB_Red-300x212.jpg 300w, https:\/\/ash-nachlese-bochum.de\/wp-content\/uploads\/2023\/12\/LillyLogo_RGB_Red-1024x722.jpg 1024w, https:\/\/ash-nachlese-bochum.de\/wp-content\/uploads\/2023\/12\/LillyLogo_RGB_Red-768x542.jpg 768w\" sizes=\"auto, (max-width: 200px) 100vw, 200px\" \/><\/td><\/tr><tr><td><img loading=\"lazy\" decoding=\"async\" width=\"200\" height=\"103\" class=\"wp-image-60\" style=\"width: 200px;\" src=\"https:\/\/ash-nachlese-bochum.de\/wp-content\/uploads\/2023\/12\/Novartis-Logo.jpg\" alt=\"\" srcset=\"https:\/\/ash-nachlese-bochum.de\/wp-content\/uploads\/2023\/12\/Novartis-Logo.jpg 1845w, https:\/\/ash-nachlese-bochum.de\/wp-content\/uploads\/2023\/12\/Novartis-Logo-300x154.jpg 300w, https:\/\/ash-nachlese-bochum.de\/wp-content\/uploads\/2023\/12\/Novartis-Logo-1024x527.jpg 1024w, https:\/\/ash-nachlese-bochum.de\/wp-content\/uploads\/2023\/12\/Novartis-Logo-768x395.jpg 768w, https:\/\/ash-nachlese-bochum.de\/wp-content\/uploads\/2023\/12\/Novartis-Logo-1536x790.jpg 1536w\" sizes=\"auto, (max-width: 200px) 100vw, 200px\" \/><\/td><td><img loading=\"lazy\" decoding=\"async\" width=\"200\" height=\"67\" class=\"wp-image-61\" style=\"width: 200px;\" src=\"https:\/\/ash-nachlese-bochum.de\/wp-content\/uploads\/2023\/12\/Online_Servier_Logo_Sign_RVB-002.png\" alt=\"\" srcset=\"https:\/\/ash-nachlese-bochum.de\/wp-content\/uploads\/2023\/12\/Online_Servier_Logo_Sign_RVB-002.png 3340w, https:\/\/ash-nachlese-bochum.de\/wp-content\/uploads\/2023\/12\/Online_Servier_Logo_Sign_RVB-002-300x100.png 300w, https:\/\/ash-nachlese-bochum.de\/wp-content\/uploads\/2023\/12\/Online_Servier_Logo_Sign_RVB-002-1024x342.png 1024w, https:\/\/ash-nachlese-bochum.de\/wp-content\/uploads\/2023\/12\/Online_Servier_Logo_Sign_RVB-002-768x257.png 768w, https:\/\/ash-nachlese-bochum.de\/wp-content\/uploads\/2023\/12\/Online_Servier_Logo_Sign_RVB-002-1536x513.png 1536w, https:\/\/ash-nachlese-bochum.de\/wp-content\/uploads\/2023\/12\/Online_Servier_Logo_Sign_RVB-002-2048x684.png 2048w\" sizes=\"auto, (max-width: 200px) 100vw, 200px\" \/><\/td><\/tr><tr><td><img loading=\"lazy\" decoding=\"async\" width=\"200\" height=\"98\" class=\"wp-image-62\" style=\"width: 200px;\" src=\"https:\/\/ash-nachlese-bochum.de\/wp-content\/uploads\/2023\/12\/Otsuka.png\" alt=\"\" srcset=\"https:\/\/ash-nachlese-bochum.de\/wp-content\/uploads\/2023\/12\/Otsuka.png 1435w, https:\/\/ash-nachlese-bochum.de\/wp-content\/uploads\/2023\/12\/Otsuka-300x147.png 300w, https:\/\/ash-nachlese-bochum.de\/wp-content\/uploads\/2023\/12\/Otsuka-1024x502.png 1024w, https:\/\/ash-nachlese-bochum.de\/wp-content\/uploads\/2023\/12\/Otsuka-768x377.png 768w\" sizes=\"auto, (max-width: 200px) 100vw, 200px\" \/><\/td><td><img loading=\"lazy\" decoding=\"async\" width=\"200\" height=\"104\" class=\"wp-image-63\" style=\"width: 200px;\" src=\"https:\/\/ash-nachlese-bochum.de\/wp-content\/uploads\/2023\/12\/Roche_Logo_Blue_PMS-Kopie.png\" alt=\"\"><\/td><\/tr><tr><td><img loading=\"lazy\" decoding=\"async\" width=\"200\" height=\"75\" class=\"wp-image-64\" style=\"width: 200px;\" src=\"https:\/\/ash-nachlese-bochum.de\/wp-content\/uploads\/2023\/12\/Sobi_Logo_mit-rare-strength-002.png\" alt=\"\" srcset=\"https:\/\/ash-nachlese-bochum.de\/wp-content\/uploads\/2023\/12\/Sobi_Logo_mit-rare-strength-002.png 1140w, https:\/\/ash-nachlese-bochum.de\/wp-content\/uploads\/2023\/12\/Sobi_Logo_mit-rare-strength-002-300x113.png 300w, https:\/\/ash-nachlese-bochum.de\/wp-content\/uploads\/2023\/12\/Sobi_Logo_mit-rare-strength-002-1024x386.png 1024w, https:\/\/ash-nachlese-bochum.de\/wp-content\/uploads\/2023\/12\/Sobi_Logo_mit-rare-strength-002-768x290.png 768w\" sizes=\"auto, (max-width: 200px) 100vw, 200px\" \/><\/td><td><img loading=\"lazy\" decoding=\"async\" width=\"200\" height=\"61\" class=\"wp-image-65\" style=\"width: 200px;\" src=\"https:\/\/ash-nachlese-bochum.de\/wp-content\/uploads\/2023\/12\/StemlineSubline_-hochaufgeloestes-Logo-002.jpeg\" alt=\"\" srcset=\"https:\/\/ash-nachlese-bochum.de\/wp-content\/uploads\/2023\/12\/StemlineSubline_-hochaufgeloestes-Logo-002.jpeg 1266w, https:\/\/ash-nachlese-bochum.de\/wp-content\/uploads\/2023\/12\/StemlineSubline_-hochaufgeloestes-Logo-002-300x91.jpeg 300w, https:\/\/ash-nachlese-bochum.de\/wp-content\/uploads\/2023\/12\/StemlineSubline_-hochaufgeloestes-Logo-002-1024x311.jpeg 1024w, https:\/\/ash-nachlese-bochum.de\/wp-content\/uploads\/2023\/12\/StemlineSubline_-hochaufgeloestes-Logo-002-768x234.jpeg 768w\" sizes=\"auto, (max-width: 200px) 100vw, 200px\" \/><\/td><\/tr><\/tbody><\/table><figcaption class=\"wp-element-caption\">Die Fortbildung findet mit freundlicher Unterst\u00fctzung der genannten Firmen statt.<br>Unterst\u00fctzung f\u00fcr Werbem\u00f6glichkeiten:<br>MSD &#8211; 1000,00 \u20ac<br>abbvie &#8211; 1000,00 \u20ac<br>Alexion &#8211; 1000,00 \u20ac<br>Amgen &#8211; 1000,00 \u20ac<br>AstraZeneca &#8211; 1000,00 \u20ac<br>BeiGene &#8211; 800,00 \u20ac<br>Brystol Myers Squibb &#8211; 1000,00 \u20ac<br>Kite &#8211; 750,00 \u20ac<br>Grifols &#8211; 1000,00 \u20ac<br>GSK &#8211; 1000,00 \u20ac<br>Incyte &#8211; 1000,00 \u20ac<br>Janssen &#8211; 1000,00 \u20ac<br>Lilly &#8211; 500,00 \u20ac<br>Novartis &#8211; 1000,00 \u20ac<br>Servier &#8211; 1000,00 \u20ac<br>Otsuka &#8211; 1000,00 \u20ac<br>Roche &#8211; 1000,00 \u20ac<br>Sobi &#8211; 1000,00 \u20ac<br>Stemline &#8211; 1000,00 \u20ac<br><\/figcaption><\/figure>\n\n\n\n<hr class=\"wp-block-separator has-alpha-channel-opacity\"\/>\n\n\n\n<hr class=\"wp-block-separator has-alpha-channel-opacity\"\/>\n\n\n\n<h2 class=\"wp-block-heading\">IMPRESSUM<\/h2>\n\n\n\n<p><strong>Information according to \u00a7 18 para. 2 Medienstaatsvertrag<\/strong><\/p>\n\n\n\n<p>mattt.production<br>Thorsten R\u00f6lleke<br>Am Bergbaumuseum 43<br>44791 Bochum<br>Deutschland<\/p>\n\n\n\n<p><strong>Vertreten durch:<\/strong>&nbsp;Thorsten R\u00f6lleke<\/p>\n\n\n\n<p><strong>Kontakt:<\/strong><br>Telefon: 0234-239560<br>Fax: 0234-2395626<br>E-Mail:&nbsp;<img decoding=\"async\" src=\"https:\/\/hft-bochum.de\/wp-content\/dsgvo-all-in-one-wp\/sserdaliame.png\"><\/p>\n\n\n\n<p><strong>Umsatzsteuernummer:<\/strong>&nbsp;DE180363646<\/p>\n\n\n\n<p><strong>Haftungsausschluss<\/strong><\/p>\n\n\n\n<p><strong>Haftung f\u00fcr Links:<\/strong><br>Unser Angebot enth\u00e4lt Links zu externen Webseiten Dritter, auf deren Inhalte wir keinen Einfluss haben. Deshalb k\u00f6nnen wir f\u00fcr diese fremden Inhalte auch keine Gew\u00e4hr \u00fcbernehmen. F\u00fcr die Inhalte der verlinkten Seiten ist stets der jeweilige Anbieter oder Betreiber der Seiten verantwortlich. Die verlinkten Seiten wurden zum Zeitpunkt der Verlinkung auf m\u00f6gliche Rechtsverst\u00f6\u00dfe \u00fcberpr\u00fcft. Rechtswidrige Inhalte waren zum Zeitpunkt der Verlinkung nicht erkennbar. Eine permanente inhaltliche Kontrolle der verlinkten Seiten ist jedoch ohne konkrete Anhaltspunkte einer Rechtsverletzung nicht zumutbar. Bei Bekanntwerden von Rechtsverletzungen werden wir derartige Links umgehend entfernen.<\/p>\n\n\n\n<p><strong>Liability for content:<\/strong><br>Die Inhalte unserer Seiten wurden mit gr\u00f6\u00dfter Sorgfalt erstellt. F\u00fcr die Richtigkeit, Vollst\u00e4ndigkeit und Aktualit\u00e4t der Inhalte k\u00f6nnen wir jedoch keine Gew\u00e4hr \u00fcbernehmen. Als Diensteanbieter sind wir gem\u00e4\u00df \u00a7 7 Abs.1 TMG f\u00fcr eigene Inhalte auf diesen Seiten nach den allgemeinen Gesetzen verantwortlich. Nach \u00a7 8 bis 10 TMG sind wir als Diensteanbieter jedoch nicht verpflichtet, \u00fcbermittelte oder gespeicherte fremde Informationen zu \u00fcberwachen oder nach Umst\u00e4nden zu forschen, die auf eine rechtswidrige T\u00e4tigkeit hinweisen. Verpflichtungen zur Entfernung oder Sperrung der Nutzung von Informationen nach den allgemeinen Gesetzen bleiben hiervon unber\u00fchrt. Eine diesbez\u00fcgliche Haftung ist jedoch erst ab dem Zeitpunkt der Kenntnis einer konkreten Rechtsverletzung m\u00f6glich. Bei Bekanntwerden von entsprechenden Rechtsverletzungen werden wir diese Inhalte umgehend entfernen.<\/p>\n\n\n\n<p><strong>Urheberrecht<\/strong><br>Die durch die Seitenbetreiber erstellten Inhalte und Werke auf diesen Seiten unterliegen dem deutschen Urheberrecht. Die Vervielf\u00e4ltigung, Bearbeitung, Verbreitung und jede Art der Verwertung au\u00dferhalb der Grenzen des Urheberrechtes bed\u00fcrfen der schriftlichen Zustimmung des jeweiligen Autors bzw. Erstellers. Downloads und Kopien dieser Seite sind nur f\u00fcr den privaten, nicht kommerziellen Gebrauch gestattet. Soweit die Inhalte auf dieser Seite nicht vom Betreiber erstellt wurden, werden die Urheberrechte Dritter beachtet. Insbesondere werden Inhalte Dritter als solche gekennzeichnet. Sollten Sie trotzdem auf eine Urheberrechtsverletzung aufmerksam werden, bitten wir um einen entsprechenden Hinweis. Bei Bekanntwerden von Rechtsverletzungen werden wir derartige Inhalte umgehend entfernen.<\/p>\n\n\n\n<hr class=\"wp-block-separator has-alpha-channel-opacity\"\/>\n","protected":false},"excerpt":{"rendered":"<p>Sehr geehrte Kolleginnen und Kollegen, zu unserer zwanzigsten Fortbildungsveranstaltung \u201eASH-Nachlese 2024\u201c laden wir Sie sehr herzlich im Namen des onkologischen Zentrums Bochum Herne ein. Ziel der Veranstaltung ist es, die f\u00fcr unsere h\u00e4matologisch-onkologische T\u00e4tigkeit wichtigen Ergebnisse und Neuerungen, die auf dem weltgr\u00f6\u00dften Fachkongress der amerikanischen Gesellschaft f\u00fcr H\u00e4matologie vorgestellt wurden, in Form von Kurzbeitr\u00e4gen mit [&hellip;]<\/p>\n","protected":false},"author":1,"featured_media":0,"parent":0,"menu_order":0,"comment_status":"closed","ping_status":"closed","template":"","meta":{"footnotes":""},"class_list":["post-2","page","type-page","status-publish","hentry"],"_links":{"self":[{"href":"https:\/\/ash-nachlese-bochum.de\/index.php?rest_route=\/wp\/v2\/pages\/2","targetHints":{"allow":["GET"]}}],"collection":[{"href":"https:\/\/ash-nachlese-bochum.de\/index.php?rest_route=\/wp\/v2\/pages"}],"about":[{"href":"https:\/\/ash-nachlese-bochum.de\/index.php?rest_route=\/wp\/v2\/types\/page"}],"author":[{"embeddable":true,"href":"https:\/\/ash-nachlese-bochum.de\/index.php?rest_route=\/wp\/v2\/users\/1"}],"replies":[{"embeddable":true,"href":"https:\/\/ash-nachlese-bochum.de\/index.php?rest_route=%2Fwp%2Fv2%2Fcomments&post=2"}],"version-history":[{"count":27,"href":"https:\/\/ash-nachlese-bochum.de\/index.php?rest_route=\/wp\/v2\/pages\/2\/revisions"}],"predecessor-version":[{"id":81,"href":"https:\/\/ash-nachlese-bochum.de\/index.php?rest_route=\/wp\/v2\/pages\/2\/revisions\/81"}],"wp:attachment":[{"href":"https:\/\/ash-nachlese-bochum.de\/index.php?rest_route=%2Fwp%2Fv2%2Fmedia&parent=2"}],"curies":[{"name":"wp","href":"https:\/\/api.w.org\/{rel}","templated":true}]}}